ghest common divisor of 18 and h.
18
Suppose 1950 + 8082 = 19*j. Suppose 0 = -6*a + j - 18. What is the greatest common divisor of 51 and a?
17
Suppose -t + 3*a = -0*a - 192, 2*a - 384 = -2*t. Let v be (t/(-14))/(70/(-245)). Calculate the greatest common factor of v and 36.
12
Suppose 82*k - 565968 - 298748 = 556180. What is the greatest common divisor of k and 192?
48
Let k = -29 - 1. Let o = k + 107. Let f(i) = 21*i**2 + 1. Let y be f(-1). What is the greatest common factor of o and y?
11
Let r(x) = 2*x - 19. Let c be r(5). Let k be (1/3)/((-3)/2)*c. Let i = -4 - -7. What is the greatest common divisor of k and i?
1
Suppose 15736 = 20*b + 4736. What is the greatest common factor of b and 225?
25
Suppose -b = -3, 5*j + 9*b - 185 = 4*b. What is the highest common divisor of 799 and j?
17
Suppose 0 = -24*r + 7*r + 578. Let m be 7/21 + (-16)/(-6). Let o be -51*(3 - m - 1). Calculate the greatest common divisor of r and o.
17
Let q = 48 - -30. Let c = 130 - q. Let a = -54271 + 54297. What is the highest common divisor of a and c?
26
Let r be (5 - 5)/(1 - (-5 + 7)). Suppose -9*w + 276 = 4*l, r*l = 4*l + 12. Calculate the highest common divisor of w and 528.
16
Let q(v) = 6*v + 3. Let i be q(5). Let n = -167 + 168. Let t be n/((-2)/(-3))*2. Calculate the highest common factor of i and t.
3
Suppose 3*d + 3*c - 48 = 0, 5*c = -85*d + 83*d + 26. Calculate the greatest common factor of d and 159.
3
Suppose 5*r - 8 = 12, 4*r - 20 = -4*u. Suppose -72*x + 796 = -3020. What is the greatest common divisor of x and u?
1
Let m be 0/17 + (1 - (-1 - -2)). Let s be (m - 44)*44/(-88). Let d be 2/((-130)/66 - -2). What is the greatest common factor of s and d?
22
Let k(w) = 15*w**2 + 9*w - 31. Let d be k(-3). What is the highest common divisor of d and 913?
11
Suppose 0 = 6*g - 2*g - 16. Let r = 328 - 298. Suppose -38 = 11*b - r*b. Calculate the greatest common factor of b and g.
2
Let j(v) = 2*v**2 + 16*v + 18. Let p be j(-6). Let t be (4 - 21/p)*8. Let a be ((-150)/20)/((-2)/4). What is the greatest common factor of a and t?
15
Let s be (3612/(-210))/(2/(-5)). Let q(d) = -2*d**2 + 93*d + 89. Let v be q(s). Calculate the greatest common factor of 156 and v.
78
Let h(u) = -3*u**3 + 3*u**2 + 11*u + 9. Let w be h(-5). Let r = w + -395. Calculate the greatest common factor of 6 and r.
3
Suppose -89 = -5*t + 4*o, -207*t + 204*t = 2*o - 71. Calculate the highest common divisor of 3269 and t.
7
Let g(u) = -2*u**3 + 73*u**2 - 49*u + 553. Let b be g(36). Calculate the highest common factor of 17 and b.
17
Let t = -68 + 154. Suppose f + 22 = t. Suppose 33*b = 62 + 70. Calculate the greatest common divisor of b and f.
4
Let n = -95 - -154. Let k = 59 - n. Let c be (-5 + -4 + 6)*(-11 - k). What is the highest common divisor of 44 and c?
11
Let r(u) = u**2 - 29*u + 12. Let d be r(30). Let l(i) = 99*i - 3. Suppose 7*y = 4*y + 9. Let w be l(y). What is the greatest common divisor of w and d?
42
Let w(g) = -g**3 - 4*g**2 - 23*g - 51. Let s be w(-9). What is the greatest common divisor of s and 15?
3
Suppose -2*i - 108 = -5*v, 2*v + 4*i = 4*v - 56. Let a = 98 - v. Let b = -24034 + 24229. What is the greatest common factor of b and a?
39
Suppose -6*w = 39 - 21, 4*w + 316 = 2*z. Calculate the highest common factor of z and 57.
19
Suppose -5040 = 135326*p - 135366*p. Let s = 180 + -82. Calculate the greatest common factor of p and s.
14
Suppose 0 = -21*j + 257*j - 37760. Calculate the greatest common factor of 100 and j.
20
Let x be (-4)/(-6)*((-25)/(-10) - -2). Suppose -7*h = -x*h - 20. Suppose -2*u + 120 = 3*r, -r + 5*u + 29 = -11. Calculate the highest common divisor of r and h.
5
Let k = -930 - -1452. Suppose -3*p = -259 - 89. What is the highest common factor of p and k?
58
Let f(r) = -3*r**3 - 14*r**2 - 6*r + 2. Let l be f(-4). Let u be (7/(441/(-108)))/(l/28). Calculate the greatest common factor of u and 152.
8
Let r(i) = -3*i**2 - 11*i + 5. Let v be r(-7). Let q = -45 - v. Let p be (2 - q/(-5))*165/6. What is the greatest common divisor of 55 and p?
55
Suppose 0 = -b - 5*b + 60. Suppose -b*x + 1800 = -x. What is the highest common divisor of x and 80?
40
Suppose -4*m = -k - 723, 3*m - k - 33 - 510 = 0. Let j(u) = 33*u + 3. Let x be j(4). What is the highest common factor of x and m?
45
Suppose -4*k = -4*o + 840, 4*k - 163 = 2*o - 571. Calculate the greatest common divisor of o and 54.
54
Let m = 2409 + -2290. What is the highest common factor of m and 196?
7
Suppose m - 72 = -2*b, -173*b = -2*m - 174*b + 159. Calculate the greatest common factor of m and 16.
2
Suppose 0 = -9*t - 4*t - 13. Let b be (4*1/t)/((-44)/418). Calculate the greatest common factor of b and 304.
38
Let t(o) = -5*o + 12. Let b(x) = 9*x - 25. Let a(u) = -6*b(u) - 10*t(u). Let c be a(13). Let f = c + 36. Calculate the greatest common divisor of f and 56.
14
Let z(y) = 3*y - 188. Let g be z(19). Let s = 379 + g. What is the greatest common factor of s and 8?
8
Suppose 32*x + 80736 = 8*x. Let z be 16/(-36) - x/36. Calculate the greatest common divisor of 124 and z.
31
Suppose 0 = 2*i + b - 309, i - b - 132 = 3*b. Suppose i - 602 = -6*x. Calculate the highest common divisor of 60 and x.
15
Let u(d) = -11*d**2 - 16*d - 20. Let l be u(-6). Let a be 81/6*l/(-12). Calculate the highest common divisor of a and 80.
40
Let m be 6/(-105)*-7 - 1198/(-5). Let z = -1430 - -1478. Calculate the greatest common factor of m and z.
48
Suppose 844 = g + 768. What is the greatest common factor of 45524 and g?
76
Suppose 3*h = -22*h + 4*h. Suppose h = 138*c - 151*c + 1638. What is the highest common factor of 14 and c?
14
Let h be 5*32*15/20. Let g be (-20)/h - (-338)/12. Suppose 4*f = 16, -q - 3*f + 30 = -3. What is the greatest common factor of q and g?
7
Let k = 605 + -573. Calculate the greatest common factor of 3328 and k.
32
Suppose 0 = -5*z - 5*u + 1785, 4*u + 27 = -3*z + 1098. What is the highest common divisor of z and 221?
17
Suppose 4*q - 56136 = 4*t, -21*q + 4*t = -25*q + 56144. Calculate the highest common divisor of 140 and q.
35
Let s = 26 - 21. Suppose -4*x + 68 = 4*v, -18 + 130 = 5*x - 4*v. What is the greatest common factor of s and x?
5
Let p(y) = -10*y**2 - y - 2. Let c be p(2). Let x be 11/c - 50/(-8). Suppose 13*b - 288 = -3*b. What is the greatest common divisor of b and x?
6
Let m(h) = -h**3 - 8*h**2 + 7*h - 13. Let x be m(-9). Suppose -x*g + 26 = q + q, 64 = 3*q - 5*g. Calculate the greatest common divisor of q and 288.
18
Let j(d) = 4*d**2 - 53*d - 3460. Let v be j(100). Calculate the highest common factor of 110 and v.
110
Suppose -23*i + 7151 = -2063 + 2659. Calculate the highest common divisor of i and 1178.
19
Suppose -64*i - 64 = -3*u - 66*i, -65 = -3*u - i. What is the highest common factor of 4037 and u?
11
Let i(o) = 391*o - 425. Let r be i(10). Calculate the highest common factor of 51 and r.
17
Let s(r) = 80*r + 4148. Let m be s(-48). Suppose 0 = -4*g - 4*z + 116, -g + z - 85 = -4*g. What is the greatest common divisor of m and g?
28
Suppose -4*k + 3*m + 6 = 0, -4*m + 78 = 54. Calculate the highest common factor of 13686 and k.
6
Suppose -3*w = 2*w - 30. Let h be 159/51 + (-75)/(-85) + -1. Suppose 11 = 4*t - 3*k + 6*k, 0 = 3*t + h*k - 9. What is the highest common factor of t and w?
2
Let n(l) = -l**3 - 21*l**2 - 89*l + 36. Let p be n(-16). Calculate the greatest common factor of p and 1755.
45
Suppose 6256 = 52*q - 9552. What is the greatest common divisor of q and 418?
38
Suppose 13*t - 4*x = 12*t - 2, 56 = 5*t + 2*x. Suppose w = 5*b + 45, -w + b + 44 = 15. Calculate the greatest common divisor of w and t.
5
Suppose 3*y = 13*y + 7130. Let b = y + 1089. Suppose 7*c - 352 = b. What is the greatest common factor of c and 13?
13
Suppose 10 = -2*k, -11*u - 4*k = -16*u + 12695. Calculate the highest common factor of 13 and u.
13
Let i = -19 + 34. Suppose 5*g - 15 - 7 = x, 0 = 5*g + 2*x - 16. Suppose -g*z + 4*u + 24 = -4, 5*u - 1 = -z. Calculate the greatest common factor of z and i.
3
Let z(l) = -l**2 + 17*l + 252. Let i be z(24). Suppose 0 = 5*w + 4*f + f - 7145, 0 = -5*w + 4*f + 7136. What is the greatest common factor of i and w?
84
Let h be 15/(4*(-8)/32). Let f be (7/(-4))/((15/4)/h). Suppose -4*v - 3*x + 4*x + 139 = 0, 37 = v + 2*x. Calculate the highest common factor of v and f.
7
Le